2 + 22*c - 41. Determine j(19).
16
Let g(c) = -c**3 - 14*c**2 - 8. What is g(-14)?
-8
Let u(c) = -c**3 + 4*c**2 + c + 2. What is u(2)?
12
Let f(p) = -14*p - 352. What is f(-26)?
12
Let j(t) = -8*t + 2. Calculate j(2).
-14
Let g(x) = 132*x + 2. Determine g(-1).
-130
Let v(p) = -6*p**2 - 6. Give v(3).
-60
Let m(j) = 6*j + 137. Calculate m(-22).
5
Let a(c) = -3*c - 12. Give a(-10).
18
Let j(z) = -12*z - 29. Calculate j(-3).
7
Let m(y) = -y**3 - 9*y**2 - 16*y - 47. What is m(-8)?
17
Let t(n) = -2*n**2 - 10*n - 8. Give t(-6).
-20
Let q(b) = -16*b**3 + b**2. What is q(1)?
-15
Let y(i) = i**3 - 7*i**2 + 9*i - 15. Determine y(5).
-20
Let z(c) = -c**2 + 8*c + 23. Give z(10).
3
Let i(u) = u. Calculate i(-8).
-8
Let a(z) = z - 21. Determine a(4).
-17
Let i(w) = -w**2 - 10*w - 3. Give i(-9).
6
Let u(w) = w - 16. Calculate u(13).
-3
Let t(s) = 2*s - 58. Determine t(-11).
-80
Let z(a) = -a**3 + 10*a**2 + 39*a + 13. What is z(13)?
13
Let x(r) = r**3 + 4*r**2 - 5*r + 5. Give x(2).
19
Let y(o) = 8*o**2 + 33*o + 66. Calculate y(-2).
32
Let t(d) = 51*d - 660. What is t(13)?
3
Let r(n) = 3*n**2 - 3*n - 4. Determine r(3).
14
Let t(y) = y**2 + 11*y - 93. Give t(-17).
9
Let s(c) = -c**3 + 4*c**2 + 9*c + 11. Determine s(6).
-7
Let c(q) = -5*q**3 - 5*q**2 - 4*q - 5. What is c(-3)?
97
Let x(w) = -w**2 + 5*w + 7. What is x(6)?
1
Let u(x) = x**3 - x**2 + 55. Give u(0).
55
Let s(p) = 3*p. Calculate s(-1).
-3
Let b(n) = -n**2 - 37. Calculate b(0).
-37
Let z(o) = 4*o + 33. Calculate z(-7).
5
Let m(c) = c**3 - 2*c**2 + c + 6. Determine m(3).
18
Let i(k) = 13*k - 232. Give i(19).
15
Let v(o) = o**2 - 8*o + 13. Give v(5).
-2
Let k(l) = 3*l**2 - 16*l - 5. Calculate k(7).
30
Let s(a) = -a**2 + 5*a - 1. Give s(4).
3
Let g(o) = -o - 2. Give g(7).
-9
Let c(p) = -p**2 - 7*p - 9. Calculate c(-4).
3
Let y(z) = z**3 + 19*z**2 - 16*z + 23. Calculate y(-20).
-57
Let y(a) = 10*a + 3. Calculate y(6).
63
Let k(c) = -9*c + 5. Determine k(-1).
14
Let h(u) = -u**3 - 14*u**2 - 3*u - 16. What is h(-14)?
26
Let m(q) = -q**3 - 30*q**2 + 30*q - 27. What is m(-31)?
4
Let p(g) = -2*g + 23. Calculate p(10).
3
Let y(i) = 3*i**2 - i. What is y(2)?
10
Let z(v) = v**2 - 17*v - 9. Calculate z(16).
-25
Let k(z) = -2*z + 22. Determine k(0).
22
Let o(j) = 16*j + 66. What is o(-4)?
2
Let r(z) = -z**3 - 31*z**2 - 29*z + 28. Calculate r(-30).
-2
Let d(a) = -a**3 + 6*a**2 - 7*a + 2. What is d(5)?
-8
Let b(m) = 19*m + 137. Determine b(-7).
4
Let v(t) = 4*t + 6. Calculate v(-5).
-14
Let r(n) = n**3 - 14*n**2 - 20*n + 15. Determine r(15).
-60
Let y(m) = -28*m - 2. Determine y(1).
-30
Let l(i) = -3*i - 18. Calculate l(-7).
3
Let k(j) = -j**2 + 8*j + 1. Determine k(7).
8
Let t(q) = -q**2 + 4*q + 1. What is t(-3)?
-20
Let m(u) = u**3 + 6*u**2 - 4*u - 2. Give m(-6).
22
Let k(i) = -9*i - 2. What is k(-1)?
7
Let x(m) = m + 22. Determine x(-15).
7
Let g(i) = 75*i**3 - i**2 - 2*i + 4. What is g(1)?
76
Let n(l) = 4*l**3 - l**2 + 8. Calculate n(-3).
-109
Let u(g) = -g**3 + 3*g**2 + 16*g + 12. Determine u(6).
0
Let l(r) = -r**2 + 36*r + 76. Give l(38).
0
Let t(r) = -15*r + 203. Determine t(14).
-7
Let i(r) = -r**2 - 10*r - 14. What is i(-7)?
7
Let n(d) = -d**2 + 24*d - 59. What is n(17)?
60
Let d(s) = -s**3 + s**2 - 10*s + 1. Calculate d(0).
1
Let m(z) = 9*z**3 + z**2 - z. Determine m(-1).
-7
Let l(m) = -m**3 + 4*m**2 + 3*m - 2. Calculate l(-3).
52
Let l(f) = f**2 + f - 18. What is l(-4)?
-6
Let j(u) = u**2 - 6*u - 6. Determine j(7).
1
Let l(k) = 24*k - 14. Determine l(-3).
-86
Let k(t) = -t**3 + t - 20. What is k(0)?
-20
Let c(b) = b**3 - 11*b**2 + 11*b + 11. What is c(9)?
-52
Let o(h) = -2*h**2 + 35*h - 69. What is o(17)?
-52
Let g(h) = 4*h - 1. Give g(9).
35
Let q(y) = y - 1. Determine q(9).
8
Let i(r) = 5*r**2 - 6*r + 2. Give i(5).
97
Let i(a) = a - 10. Calculate i(4).
-6
Let y(t) = -t**2 + 7*t - 17. Give y(5).
-7
Let m(n) = n**3 + 12*n**2 + 23*n + 9. Give m(-9).
45
Let b(s) = s**2 + 16*s + 19. Calculate b(-14).
-9
Let f(x) = -x**3 - x**2 - x + 41. Calculate f(0).
41
Let v(t) = t**3 - 11*t**2 - 12*t + 2. Determine v(12).
2
Let o(u) = 9*u - 1. Calculate o(4).
35
Let s(u) = u**2 - 7*u - 9. What is s(-2)?
9
Let i(m) = 15*m - 13. What is i(8)?
107
Let u(i) = -7*i - 8. What is u(0)?
-8
Let t(y) = -y**3 - 5*y**2 + 2*y - 2. Determine t(-5).
-12
Let r(s) = 15*s + 263. Calculate r(-18).
-7
Let d(n) = -n - 2. Give d(-1).
-1
Let t(x) = -x**3 - 2*x**2 - 2*x + 1. What is t(-3)?
16
Let k(m) = m**2 + 48*m + 89. What is k(-47)?
42
Let l(r) = r**2 - 18*r + 2. Give l(0).
2
Let i(y) = -y + 15. Determine i(-8).
23
Let k(z) = -z**3 - 21*z**2 - 52*z + 43. What is k(-18)?
7
Let o(y) = y**3 - 8*y**2 + 7*y - 5. Calculate o(7).
-5
Let v(z) = 2*z**2 + 24*z + 48. Determine v(-10).
8
Let p(j) = 3*j - 38. What is p(14)?
4
Let r(w) = 103*w + 1538. Determine r(-15).
-7
Let o(r) = 13*r - 213. Give o(16).
-5
Let u(l) = -l**2 + 8*l + 64. What is u(11)?
31
Let n(j) = j**3 + 10*j**2 - 78*j + 3. Calculate n(-15).
48
Let z(t) = -22*t + 93. What is z(4)?
5
Let y(b) = -2*b - 5. Give y(4).
-13
Let m(x) = x. What is m(5)?
5
Let g(x) = -80*x + 186. What is g(3)?
-54
Let m(n) = n**2 - 3*n - 1. Calculate m(5).
9
Let t(v) = -14*v + 224. Determine t(16).
0
Let w(y) = 2*y**3 + 5*y - 5. What is w(1)?
2
Let l(i) = -i**3 + 8*i**2 - 11*i + 9. Determine l(7).
-19
Let r(s) = -8*s + 9. Calculate r(4).
-23
Let o(r) = -r**2 + 6*r + 9. Calculate o(6).
9
Let p(d) = -d**2 + 15*d - 14. Calculate p(14).
0
Let x(c) = c**2 + c - 12. What is x(0)?
-12
Let b(p) = -2*p**2 + 6*p - 5. Give b(3).
-5
Let v(y) = -y + 19. Give v(9).
10
Let m(n) = -4*n**2 - 59*n + 8. Determine m(-15).
-7
Let k(h) = 2*h + 20. What is k(-7)?
6
Let j(u) = u**3 + 14*u**2 + 14*u + 18. Calculate j(-13).
5
Let l(q) = -14*q + 3. Give l(3).
-39
Let u(i) = -23*i + 1. Give u(-1).
24
Let r(w) = 2*w - 18. Calculate r(15).
12
Let l(s) = 2*s**2 + 18*s + 14. What is l(-8)?
-2
Let w(g) = 19*g + 4. Give w(-2).
-34
Let x(o) = o**3 + o**2 + o + 29. Determine x(0).
29
Let f(o) = -o**2 + 14*o - 28. What is f(8)?
20
Let x(f) = -f**2 + 11*f - 2. Give x(11).
-2
Let h(v) = -2*v**2 + v + 5. What is h(4)?
-23
Let l(q) = q**2 - 6*q + 10. What is l(10)?
50
Let x(v) = -v**3 + 9*v**2 - 9*v + 12. What is x(8)?
4
Let c(s) = -2*s - 12. Calculate c(-10).
8
Let c(w) = w**3 + 9*w**2 + 2*w + 11. Give c(-7).
95
Let j(p) = -p**2 + 15*p + 38. What is j(18)?
-16
Let m(x) = x**3 - 7*x**2 - 6*x + 4. Calculate m(6).
-68
Let u(m) = m**3 + 32*m**2 + 61*m + 36. Give u(-30).
6
Let a(l) = 6*l - 3. Calculate a(4).
21
Let s(x) = 2*x**2 + 4*x - 7. Give s(2).
9
Let i(p) = 12*p - 29. Calculate i(2).
-5
Let k(o) = -o**2 - 11*o. Give k(-6).
30
Let x(a) = -a. Give x(3).
-3
Let u(a) = -2*a + 5. What is u(14)?
-23
Let w(f) = -f**2 + 3*f + 7. What is w(4)?
3
Let v(j) = j**2 + 8*j - 9. Give v(-9).
0
Let h(c) = c**2 + 3*c + 2. What is h(-2)?
0
Let a(i) = -34*i - 381. What is a(-11)?
-7
Let d(i) = -i**3 + 6*i**2 + 7*i - 7. Give d(7).
-7
Let r(o) = -3*o**3 + 3*o**2 - 3*o - 2. What is r(2)?
-20
Let k(q) = -4*q**2 + 5*q + 38. Give k(-5).
-87
Let o(h) = -h**3 + 5*h**2 - 4*h + 2. Give o(3).
8
Let a(p) = -p**2 - 24*p - 5. Give a(-24).
-5
Let w(f) = f**3 - 9*f**2 + 9*f - 3. Calculate w(7).
-38
Let a(y) = -30*y**2 + 2*y + 1. Calculate a(1).
-27
Let d(q) = q**2 + q. Determine d(-1).
0
Let k(j) = j**2 - 3*j - 10. Determine k(10).
60
Let o(d) = 7*d**2 + 121*d + 35. Calculate o(-17).
1
Let j(t) = t**3 + 20*t**2 + 22*t + 14. Give j(-19).
-43
Let b(w) = 14*w - 28. Determine b(2).
0
Let c(u) = u**3 + 33*u**2 + 61*u - 6. Determine c(-31).
25
Let y(n) = -13*n - 62. Give y(-11).
81
Let n(l) = 6*l - 116. What is n(19)?
-2
Let x(s) = 4*s**2 + 6*s + 5. What is x(-4)?
45
Let x(b) = b - 10. Give x(0).
-10
Let q(j) = -4*j**2 - 2*j + 2. Determine q(3).
-40
Let g(m) = 2*m. Give g(-8).
-16
Let b(w) = -w**3 + 9*w**2 + 2*w - 13. What is b(9)?
5
Let w(n) = -2*n**2 + 13*n - 9. Determine w(6).
-3
Let n(m) = -m**3 - 3*m**2 - 4. Give n(-4).
12
Let h(i) = -2*i**2 - 11*i - 11. Determine h(-7).
-32
Let l(f) = -f**3 + 6*f**2 - 8*f + 5. What is l(5)?
-10
Let v(w) = -w + 3. What is v(0)?
3
Let m(g) = 3*g**2 - 27*g + 30. Calculate m(8).
6
Let m(t) = 2*t**3 - 8*t**2 - 26*t + 96. Give m(5).
16
Let c(z) = z**3 + 3*z**2 + 5*z. What is c(-5)?
-75
Let j(n) = -n**2 + 9*n - 13. Give j(5).
7
Let k(f) = -7*f**2 - 49*f - 9